{"version":"1.0","provider_name":"Real Estate Conceps Mallorca","provider_url":"https:\/\/concepts-mallorca.com\/de","author_name":"admin","author_url":"https:\/\/concepts-mallorca.com\/de\/author\/ideared","title":"Wohnung v\/001 - Real Estate Conceps Mallorca","type":"rich","width":600,"height":338,"html":"<blockquote class=\"wp-embedded-content\" data-secret=\"htSszkH9Gz\"><a href=\"https:\/\/concepts-mallorca.com\/de\/portfolio-item\/wohnung-v-001\">Wohnung v\/001<\/a><\/blockquote><iframe sandbox=\"allow-scripts\" security=\"restricted\" src=\"https:\/\/concepts-mallorca.com\/de\/portfolio-item\/wohnung-v-001\/embed#?secret=htSszkH9Gz\" width=\"600\" height=\"338\" title=\"&#8222;Wohnung v\/001&#8220; &#8212; Real Estate Conceps Mallorca\" data-secret=\"htSszkH9Gz\" frameborder=\"0\" marginwidth=\"0\" marginheight=\"0\" scrolling=\"no\" class=\"wp-embedded-content\"><\/iframe><script type=\"text\/javascript\">\n\/*! This file is auto-generated *\/\n!function(c,d){\"use strict\";var e=!1,o=!1;if(d.querySelector)if(c.addEventListener)e=!0;if(c.wp=c.wp||{},c.wp.receiveEmbedMessage);else if(c.wp.receiveEmbedMessage=function(e){var t=e.data;if(!t);else if(!(t.secret||t.message||t.value));else if(\/[^a-zA-Z0-9]\/.test(t.secret));else{for(var r,s,a,i=d.querySelectorAll('iframe[data-secret=\"'+t.secret+'\"]'),n=d.querySelectorAll('blockquote[data-secret=\"'+t.secret+'\"]'),o=new RegExp(\"^https?:$\",\"i\"),l=0;l<n.length;l++)n[l].style.display=\"none\";for(l=0;l<i.length;l++)if(r=i[l],e.source!==r.contentWindow);else{if(r.removeAttribute(\"style\"),\"height\"===t.message){if(1e3<(s=parseInt(t.value,10)))s=1e3;else if(~~s<200)s=200;r.height=s}if(\"link\"===t.message)if(s=d.createElement(\"a\"),a=d.createElement(\"a\"),s.href=r.getAttribute(\"src\"),a.href=t.value,!o.test(a.protocol));else if(a.host===s.host)if(d.activeElement===r)c.top.location.href=t.value}}},e)c.addEventListener(\"message\",c.wp.receiveEmbedMessage,!1),d.addEventListener(\"DOMContentLoaded\",t,!1),c.addEventListener(\"load\",t,!1);function t(){if(o);else{o=!0;for(var e,t,r,s=-1!==navigator.appVersion.indexOf(\"MSIE 10\"),a=!!navigator.userAgent.match(\/Trident.*rv:11\\.\/),i=d.querySelectorAll(\"iframe.wp-embedded-content\"),n=0;n<i.length;n++){if(!(r=(t=i[n]).getAttribute(\"data-secret\")))r=Math.random().toString(36).substr(2,10),t.src+=\"#?secret=\"+r,t.setAttribute(\"data-secret\",r);if(s||a)(e=t.cloneNode(!0)).removeAttribute(\"security\"),t.parentNode.replaceChild(e,t);t.contentWindow.postMessage({message:\"ready\",secret:r},\"*\")}}}}(window,document);\n<\/script>\n","thumbnail_url":"https:\/\/concepts-mallorca.com\/wp-content\/uploads\/2023\/06\/v001-vendida-DE.jpg","thumbnail_width":1300,"thumbnail_height":867,"description":"AKTENZEICHEN: V\/001 Das Grundst\u00fcck liegt zwischen Campos und Colonia Sant Jordi, in der Gegend von Sant Blai. Mit verschiedenen R\u00e4umen, die renoviert werden sollen. Haus von etwa 150 m2, Kuhstall und M\u00fchle. Es hat Wasser- und Stromanschluss sowie Brunnenwasser. 2 km von Campos entfernt 7 km von Es Trenc 29 Km vom Flughafen Palma"}

AKTENZEICHEN: V/001 Das Grundstück liegt zwischen Campos und Colonia Sant Jordi, in der Gegend von Sant Blai. Mit verschiedenen Räumen, die renoviert werden sollen. Haus von etwa 150 m2, Kuhstall und Mühle. Es hat Wasser- und Stromanschluss sowie Brunnenwasser. 2 km von Campos entfernt 7 km von Es Trenc 29 Km vom Flughafen Palma
