{"version":"1.0","provider_name":"Real Estate Conceps Mallorca","provider_url":"https:\/\/concepts-mallorca.com\/de","author_name":"admin","author_url":"https:\/\/concepts-mallorca.com\/de\/author\/ideared","title":"Grundst\u00fcck P\/006 - Real Estate Conceps Mallorca","type":"rich","width":600,"height":338,"html":"<blockquote class=\"wp-embedded-content\" data-secret=\"hIcpb03VxJ\"><a href=\"https:\/\/concepts-mallorca.com\/de\/portfolio-item\/grundstueck-p-006\">Grundst\u00fcck P\/006<\/a><\/blockquote><iframe sandbox=\"allow-scripts\" security=\"restricted\" src=\"https:\/\/concepts-mallorca.com\/de\/portfolio-item\/grundstueck-p-006\/embed#?secret=hIcpb03VxJ\" width=\"600\" height=\"338\" title=\"&#8222;Grundst\u00fcck P\/006&#8220; &#8212; Real Estate Conceps Mallorca\" data-secret=\"hIcpb03VxJ\" frameborder=\"0\" marginwidth=\"0\" marginheight=\"0\" scrolling=\"no\" class=\"wp-embedded-content\"><\/iframe><script type=\"text\/javascript\">\n\/*! This file is auto-generated *\/\n!function(c,d){\"use strict\";var e=!1,o=!1;if(d.querySelector)if(c.addEventListener)e=!0;if(c.wp=c.wp||{},c.wp.receiveEmbedMessage);else if(c.wp.receiveEmbedMessage=function(e){var t=e.data;if(!t);else if(!(t.secret||t.message||t.value));else if(\/[^a-zA-Z0-9]\/.test(t.secret));else{for(var r,s,a,i=d.querySelectorAll('iframe[data-secret=\"'+t.secret+'\"]'),n=d.querySelectorAll('blockquote[data-secret=\"'+t.secret+'\"]'),o=new RegExp(\"^https?:$\",\"i\"),l=0;l<n.length;l++)n[l].style.display=\"none\";for(l=0;l<i.length;l++)if(r=i[l],e.source!==r.contentWindow);else{if(r.removeAttribute(\"style\"),\"height\"===t.message){if(1e3<(s=parseInt(t.value,10)))s=1e3;else if(~~s<200)s=200;r.height=s}if(\"link\"===t.message)if(s=d.createElement(\"a\"),a=d.createElement(\"a\"),s.href=r.getAttribute(\"src\"),a.href=t.value,!o.test(a.protocol));else if(a.host===s.host)if(d.activeElement===r)c.top.location.href=t.value}}},e)c.addEventListener(\"message\",c.wp.receiveEmbedMessage,!1),d.addEventListener(\"DOMContentLoaded\",t,!1),c.addEventListener(\"load\",t,!1);function t(){if(o);else{o=!0;for(var e,t,r,s=-1!==navigator.appVersion.indexOf(\"MSIE 10\"),a=!!navigator.userAgent.match(\/Trident.*rv:11\\.\/),i=d.querySelectorAll(\"iframe.wp-embedded-content\"),n=0;n<i.length;n++){if(!(r=(t=i[n]).getAttribute(\"data-secret\")))r=Math.random().toString(36).substr(2,10),t.src+=\"#?secret=\"+r,t.setAttribute(\"data-secret\",r);if(s||a)(e=t.cloneNode(!0)).removeAttribute(\"security\"),t.parentNode.replaceChild(e,t);t.contentWindow.postMessage({message:\"ready\",secret:r},\"*\")}}}}(window,document);\n<\/script>\n","thumbnail_url":"https:\/\/concepts-mallorca.com\/wp-content\/uploads\/2023\/06\/p006-vendida_DE.jpg","thumbnail_width":1300,"thumbnail_height":867,"description":"Kennnummer: P\/006 An zwei Stra\u00dfen grenzendes Stadtgrundst\u00fcck. Lage im Gebiet Sa Pleta und Sa Rapita. Eine Baugenehmigung f\u00fcr ein Einfamilienhaus mit Swimmingpool ist beantragt und in Bearbeitung. Das geplante Haus besteht aus Erdgeschoss mit 135 m2 bebauter Fl\u00e4che und erstem Stock mit 118 m2 bebauter Fl\u00e4che. Fl\u00e4che: 831 m2. Anschluss an das Strom- und Wassernetz. [&hellip;]"}

Grundstück P/006 - Real Estate Conceps Mallorca

<blockquote class="wp-embedded-content" data-secret="hIcpb03VxJ"><a href="https://concepts-mallorca.com/de/portfolio-item/grundstueck-p-006">Grundstück P/006</a></blockquote><iframe sandbox="allow-scripts" security="restricted" src="https://concepts-mallorca.com/de/portfolio-item/grundstueck-p-006/embed#?secret=hIcpb03VxJ" width="600" height="338" title="&#8222;Grundstück P/006&#8220; &#8212; Real Estate Conceps Mallorca" data-secret="hIcpb03VxJ" frameborder="0" marginwidth="0" marginheight="0" scrolling="no" class="wp-embedded-content"></iframe><script type="text/javascript">
/*! This file is auto-generated */
!function(c,d){"use strict";var e=!1,o=!1;if(d.querySelector)if(c.addEventListener)e=!0;if(c.wp=c.wp||{},c.wp.receiveEmbedMessage);else if(c.wp.receiveEmbedMessage=function(e){var t=e.data;if(!t);else if(!(t.secret||t.message||t.value));else if(/[^a-zA-Z0-9]/.test(t.secret));else{for(var r,s,a,i=d.querySelectorAll('iframe[data-secret="'+t.secret+'"]'),n=d.querySelectorAll('blockquote[data-secret="'+t.secret+'"]'),o=new RegExp("^https?:$","i"),l=0;l<n.length;l++)n[l].style.display="none";for(l=0;l<i.length;l++)if(r=i[l],e.source!==r.contentWindow);else{if(r.removeAttribute("style"),"height"===t.message){if(1e3<(s=parseInt(t.value,10)))s=1e3;else if(~~s<200)s=200;r.height=s}if("link"===t.message)if(s=d.createElement("a"),a=d.createElement("a"),s.href=r.getAttribute("src"),a.href=t.value,!o.test(a.protocol));else if(a.host===s.host)if(d.activeElement===r)c.top.location.href=t.value}}},e)c.addEventListener("message",c.wp.receiveEmbedMessage,!1),d.addEventListener("DOMContentLoaded",t,!1),c.addEventListener("load",t,!1);function t(){if(o);else{o=!0;for(var e,t,r,s=-1!==navigator.appVersion.indexOf("MSIE 10"),a=!!navigator.userAgent.match(/Trident.*rv:11\./),i=d.querySelectorAll("iframe.wp-embedded-content"),n=0;n<i.length;n++){if(!(r=(t=i[n]).getAttribute("data-secret")))r=Math.random().toString(36).substr(2,10),t.src+="#?secret="+r,t.setAttribute("data-secret",r);if(s||a)(e=t.cloneNode(!0)).removeAttribute("security"),t.parentNode.replaceChild(e,t);t.contentWindow.postMessage({message:"ready",secret:r},"*")}}}}(window,document);
</script>

Kennnummer: P/006 An zwei Straßen grenzendes Stadtgrundstück. Lage im Gebiet Sa Pleta und Sa Rapita. Eine Baugenehmigung für ein Einfamilienhaus mit Swimmingpool ist beantragt und in Bearbeitung. Das geplante Haus besteht aus Erdgeschoss mit 135 m2 bebauter Fläche und erstem Stock mit 118 m2 bebauter Fläche. Fläche: 831 m2. Anschluss an das Strom- und Wassernetz. [&hellip;]
